{"id":5389,"date":"2024-03-21T15:53:27","date_gmt":"2024-03-21T15:53:27","guid":{"rendered":"https:\/\/veronamarathonexplore.it\/uber-uns\/"},"modified":"2024-03-21T15:53:28","modified_gmt":"2024-03-21T15:53:28","slug":"uber-uns","status":"publish","type":"page","link":"https:\/\/veronamarathonexplore.it\/de\/uber-uns\/","title":{"rendered":"\u00dcber uns"},"content":{"rendered":"<p><div class=\"fusion-fullwidth fullwidth-box fusion-builder-row-1 fusion-flex-container nonhundred-percent-fullwidth non-hundred-percent-height-scrolling\" style=\"--awb-border-radius-top-left:0px;--awb-border-radius-top-right:0px;--awb-border-radius-bottom-right:0px;--awb-border-radius-bottom-left:0px;--awb-padding-bottom:80px;--awb-flex-wrap:wrap;\" ><div class=\"fusion-builder-row fusion-row fusion-flex-align-items-flex-start fusion-flex-content-wrap\" style=\"max-width:1248px;margin-left: calc(-4% \/ 2 );margin-right: calc(-4% \/ 2 );\"><div class=\"fusion-layout-column fusion_builder_column fusion-builder-column-0 fusion_builder_column_1_1 1_1 fusion-flex-column\" style=\"--awb-bg-size:cover;--awb-width-large:100%;--awb-margin-top-large:0px;--awb-spacing-right-large:1.92%;--awb-margin-bottom-large:0px;--awb-spacing-left-large:1.92%;--awb-width-medium:100%;--awb-spacing-right-medium:1.92%;--awb-spacing-left-medium:1.92%;--awb-width-small:100%;--awb-spacing-right-small:1.92%;--awb-spacing-left-small:1.92%;\"><div class=\"fusion-column-wrapper fusion-flex-justify-content-flex-start fusion-content-layout-column\"><div class=\"fusion-text fusion-text-1\"><p style=\"text-align: center;\"><strong>Wir lassen sie zuerst laufen!<\/strong>  Wir haben viele Kilometer Trailrunning rund um die Welt in unseren Schuhen; wenn wir ein Ziel vorschlagen, dann deshalb, weil wir sicher sind, dass wir perfekt organisiert sind. Die Reisen und Rennen von Verona Marathon Explore sind erprobt, sicher und bis ins kleinste Detail durchdacht, von der Flugreise bis zur Verpflegung auf den Rennstrecken. Lassen Sie sich in ein unvergessliches Erlebnis entf\u00fchren, bei dem Sie sich sportlich bet\u00e4tigen und eine Woche lang in die Natur eintauchen k\u00f6nnen, um Wellness und Abenteuer zu erleben.<\/p>\n<\/div><\/div><\/div><\/div><\/div><div class=\"fusion-fullwidth fullwidth-box fusion-builder-row-2 fusion-flex-container nonhundred-percent-fullwidth non-hundred-percent-height-scrolling\" style=\"--awb-border-radius-top-left:0px;--awb-border-radius-top-right:0px;--awb-border-radius-bottom-right:0px;--awb-border-radius-bottom-left:0px;--awb-flex-wrap:wrap;\" ><div class=\"fusion-builder-row fusion-row fusion-flex-align-items-flex-start fusion-flex-content-wrap\" style=\"max-width:1248px;margin-left: calc(-4% \/ 2 );margin-right: calc(-4% \/ 2 );\"><div class=\"fusion-layout-column fusion_builder_column fusion-builder-column-1 fusion_builder_column_1_1 1_1 fusion-flex-column\" style=\"--awb-bg-size:cover;--awb-width-large:100%;--awb-margin-top-large:0px;--awb-spacing-right-large:1.92%;--awb-margin-bottom-large:20px;--awb-spacing-left-large:1.92%;--awb-width-medium:100%;--awb-order-medium:0;--awb-spacing-right-medium:1.92%;--awb-spacing-left-medium:1.92%;--awb-width-small:100%;--awb-order-small:0;--awb-spacing-right-small:1.92%;--awb-spacing-left-small:1.92%;\"><div class=\"fusion-column-wrapper fusion-column-has-shadow fusion-flex-justify-content-flex-start fusion-content-layout-column\"><div class=\"awb-gallery-wrapper awb-gallery-wrapper-1 button-span-no\"><div style=\"margin:-5px;--awb-bordersize:0px;\" class=\"fusion-gallery fusion-gallery-container fusion-grid-3 fusion-columns-total-6 fusion-gallery-layout-grid fusion-gallery-1\"><div style=\"padding:5px;\" class=\"fusion-grid-column fusion-gallery-column fusion-gallery-column-3 hover-type-none\"><div class=\"fusion-gallery-image\"><a href=\"https:\/\/veronamarathonexplore.it\/wp-content\/uploads\/2020\/03\/DSC_8291.jpg\" rel=\"noreferrer\" data-rel=\"iLightbox[gallery_image_1]\" class=\"fusion-lightbox\" target=\"_self\"><img decoding=\"async\" src=\"https:\/\/veronamarathonexplore.it\/wp-content\/uploads\/2020\/03\/DSC_8291.jpg\" width=\"1917\" height=\"1280\" alt=\"\" title=\"DSC_8291\" aria-label=\"DSC_8291\" class=\"img-responsive wp-image-533\" srcset=\"https:\/\/veronamarathonexplore.it\/wp-content\/uploads\/2020\/03\/DSC_8291-200x134.jpg 200w, https:\/\/veronamarathonexplore.it\/wp-content\/uploads\/2020\/03\/DSC_8291.jpg 1917w\" sizes=\"(min-width: 2200px) 100vw, (min-width: 784px) 397px, (min-width: 712px) 595px, (min-width: 640px) 712px, \" \/><\/a><\/div><\/div><div style=\"padding:5px;\" class=\"fusion-grid-column fusion-gallery-column fusion-gallery-column-3 hover-type-none\"><div class=\"fusion-gallery-image\"><a href=\"https:\/\/veronamarathonexplore.it\/wp-content\/uploads\/2020\/03\/DSC_9237.jpg\" rel=\"noreferrer\" data-rel=\"iLightbox[gallery_image_1]\" class=\"fusion-lightbox\" target=\"_self\"><img decoding=\"async\" src=\"https:\/\/veronamarathonexplore.it\/wp-content\/uploads\/2020\/03\/DSC_9237.jpg\" width=\"1917\" height=\"1280\" alt=\"\" title=\"DSC_9237\" aria-label=\"DSC_9237\" class=\"img-responsive wp-image-794\" srcset=\"https:\/\/veronamarathonexplore.it\/wp-content\/uploads\/2020\/03\/DSC_9237-200x134.jpg 200w, https:\/\/veronamarathonexplore.it\/wp-content\/uploads\/2020\/03\/DSC_9237.jpg 1917w\" sizes=\"(min-width: 2200px) 100vw, (min-width: 784px) 397px, (min-width: 712px) 595px, (min-width: 640px) 712px, \" \/><\/a><\/div><\/div><div style=\"padding:5px;\" class=\"fusion-grid-column fusion-gallery-column fusion-gallery-column-3 hover-type-none\"><div class=\"fusion-gallery-image\"><a href=\"https:\/\/veronamarathonexplore.it\/wp-content\/uploads\/2021\/01\/Montagna-Grande-gibele-view-1410784.jpg\" rel=\"noreferrer\" data-rel=\"iLightbox[gallery_image_1]\" class=\"fusion-lightbox\" target=\"_self\"><img decoding=\"async\" src=\"https:\/\/veronamarathonexplore.it\/wp-content\/uploads\/2021\/01\/Montagna-Grande-gibele-view-1410784.jpg\" width=\"1024\" height=\"576\" alt=\"\" title=\"Montagna Grande gibele view-1410784\" aria-label=\"Montagna Grande gibele view-1410784\" class=\"img-responsive wp-image-2132\" srcset=\"https:\/\/veronamarathonexplore.it\/wp-content\/uploads\/2021\/01\/Montagna-Grande-gibele-view-1410784-200x113.jpg 200w, https:\/\/veronamarathonexplore.it\/wp-content\/uploads\/2021\/01\/Montagna-Grande-gibele-view-1410784.jpg 1024w\" sizes=\"(min-width: 2200px) 100vw, (min-width: 784px) 397px, (min-width: 712px) 595px, (min-width: 640px) 712px, \" \/><\/a><\/div><\/div><div class=\"clearfix\"><\/div><div style=\"padding:5px;\" class=\"fusion-grid-column fusion-gallery-column fusion-gallery-column-3 hover-type-none\"><div class=\"fusion-gallery-image\"><a href=\"https:\/\/veronamarathonexplore.it\/wp-content\/uploads\/2020\/03\/DSC_7237.jpg\" rel=\"noreferrer\" data-rel=\"iLightbox[gallery_image_1]\" class=\"fusion-lightbox\" target=\"_self\"><img decoding=\"async\" src=\"https:\/\/veronamarathonexplore.it\/wp-content\/uploads\/2020\/03\/DSC_7237.jpg\" width=\"1920\" height=\"1190\" alt=\"\" title=\"DSC_7237\" aria-label=\"DSC_7237\" class=\"img-responsive wp-image-658\" srcset=\"https:\/\/veronamarathonexplore.it\/wp-content\/uploads\/2020\/03\/DSC_7237-200x124.jpg 200w, https:\/\/veronamarathonexplore.it\/wp-content\/uploads\/2020\/03\/DSC_7237.jpg 1920w\" sizes=\"(min-width: 2200px) 100vw, (min-width: 784px) 397px, (min-width: 712px) 595px, (min-width: 640px) 712px, \" \/><\/a><\/div><\/div><div style=\"padding:5px;\" class=\"fusion-grid-column fusion-gallery-column fusion-gallery-column-3 hover-type-none\"><div class=\"fusion-gallery-image\"><a href=\"https:\/\/veronamarathonexplore.it\/wp-content\/uploads\/2020\/03\/DSC_7210.jpg\" rel=\"noreferrer\" data-rel=\"iLightbox[gallery_image_1]\" class=\"fusion-lightbox\" target=\"_self\"><img decoding=\"async\" src=\"https:\/\/veronamarathonexplore.it\/wp-content\/uploads\/2020\/03\/DSC_7210.jpg\" width=\"1920\" height=\"991\" alt=\"\" title=\"DSC_7210\" aria-label=\"DSC_7210\" class=\"img-responsive wp-image-668\" srcset=\"https:\/\/veronamarathonexplore.it\/wp-content\/uploads\/2020\/03\/DSC_7210-200x103.jpg 200w, https:\/\/veronamarathonexplore.it\/wp-content\/uploads\/2020\/03\/DSC_7210.jpg 1920w\" sizes=\"(min-width: 2200px) 100vw, (min-width: 784px) 397px, (min-width: 712px) 595px, (min-width: 640px) 712px, \" \/><\/a><\/div><\/div><div style=\"padding:5px;\" class=\"fusion-grid-column fusion-gallery-column fusion-gallery-column-3 hover-type-none\"><div class=\"fusion-gallery-image\"><a href=\"https:\/\/veronamarathonexplore.it\/wp-content\/uploads\/2022\/02\/IMG-20191213-WA0032.jpg\" rel=\"noreferrer\" data-rel=\"iLightbox[gallery_image_1]\" class=\"fusion-lightbox\" target=\"_self\"><img decoding=\"async\" src=\"https:\/\/veronamarathonexplore.it\/wp-content\/uploads\/2022\/02\/IMG-20191213-WA0032.jpg\" width=\"1080\" height=\"810\" alt=\"\" title=\"IMG-20191213-WA0032\" aria-label=\"IMG-20191213-WA0032\" class=\"img-responsive wp-image-3792\" srcset=\"https:\/\/veronamarathonexplore.it\/wp-content\/uploads\/2022\/02\/IMG-20191213-WA0032-200x150.jpg 200w, https:\/\/veronamarathonexplore.it\/wp-content\/uploads\/2022\/02\/IMG-20191213-WA0032-400x300.jpg 400w, https:\/\/veronamarathonexplore.it\/wp-content\/uploads\/2022\/02\/IMG-20191213-WA0032-600x450.jpg 600w, https:\/\/veronamarathonexplore.it\/wp-content\/uploads\/2022\/02\/IMG-20191213-WA0032-800x600.jpg 800w, https:\/\/veronamarathonexplore.it\/wp-content\/uploads\/2022\/02\/IMG-20191213-WA0032.jpg 1080w\" sizes=\"(min-width: 2200px) 100vw, (min-width: 784px) 397px, (min-width: 712px) 595px, (min-width: 640px) 712px, \" \/><\/a><\/div><\/div><div class=\"clearfix\"><\/div><\/div><\/div><\/div><\/div><\/div><\/div><\/p>\n","protected":false},"excerpt":{"rendered":"","protected":false},"author":1,"featured_media":0,"parent":0,"menu_order":0,"comment_status":"closed","ping_status":"closed","template":"","meta":{"footnotes":""},"_links":{"self":[{"href":"https:\/\/veronamarathonexplore.it\/de\/wp-json\/wp\/v2\/pages\/5389"}],"collection":[{"href":"https:\/\/veronamarathonexplore.it\/de\/wp-json\/wp\/v2\/pages"}],"about":[{"href":"https:\/\/veronamarathonexplore.it\/de\/wp-json\/wp\/v2\/types\/page"}],"author":[{"embeddable":true,"href":"https:\/\/veronamarathonexplore.it\/de\/wp-json\/wp\/v2\/users\/1"}],"replies":[{"embeddable":true,"href":"https:\/\/veronamarathonexplore.it\/de\/wp-json\/wp\/v2\/comments?post=5389"}],"version-history":[{"count":2,"href":"https:\/\/veronamarathonexplore.it\/de\/wp-json\/wp\/v2\/pages\/5389\/revisions"}],"predecessor-version":[{"id":5392,"href":"https:\/\/veronamarathonexplore.it\/de\/wp-json\/wp\/v2\/pages\/5389\/revisions\/5392"}],"wp:attachment":[{"href":"https:\/\/veronamarathonexplore.it\/de\/wp-json\/wp\/v2\/media?parent=5389"}],"curies":[{"name":"wp","href":"https:\/\/api.w.org\/{rel}","templated":true}]}}

Über uns

<p><div class="fusion-fullwidth fullwidth-box fusion-builder-row-1 fusion-flex-container nonhundred-percent-fullwidth non-hundred-percent-height-scrolling" style="--awb-border-radius-top-left:0px;--awb-border-radius-top-right:0px;--awb-border-radius-bottom-right:0px;--awb-border-radius-bottom-left:0px;--awb-padding-bottom:80px;--awb-flex-wrap:wrap;" ><div class="fusion-builder-row fusion-row fusion-flex-align-items-flex-start fusion-flex-content-wrap" style="max-width:1248px;margin-left: calc(-4% / 2 );margin-right: calc(-4% / 2 );"><div class="fusion-layout-column fusion_builder_column fusion-builder-column-0 fusion_builder_column_1_1 1_1 fusion-flex-column" style="--awb-bg-size:cover;--awb-width-large:100%;--awb-margin-top-large:0px;--awb-spacing-right-large:1.92%;--awb-margin-bottom-large:0px;--awb-spacing-left-large:1.92%;--awb-width-medium:100%;--awb-spacing-right-medium:1.92%;--awb-spacing-left-medium:1.92%;--awb-width-small:100%;--awb-spacing-right-small:1.92%;--awb-spacing-left-small:1.92%;"><div class="fusion-column-wrapper fusion-flex-justify-content-flex-start fusion-content-layout-column"><div class="fusion-text fusion-text-1"><p style="text-align: center;"><strong>Wir lassen sie zuerst laufen!</strong>  Wir haben viele Kilometer Trailrunning rund um die Welt in unseren Schuhen; wenn wir ein Ziel vorschlagen, dann deshalb, weil wir sicher sind, dass wir perfekt organisiert sind. Die Reisen und Rennen von Verona Marathon Explore sind erprobt, sicher und bis ins kleinste Detail durchdacht, von der Flugreise bis zur Verpflegung auf den Rennstrecken. Lassen Sie sich in ein unvergessliches Erlebnis entführen, bei dem Sie sich sportlich betätigen und eine Woche lang in die Natur eintauchen können, um Wellness und Abenteuer zu erleben.</p>
</div></div></div></div></div><div class="fusion-fullwidth fullwidth-box fusion-builder-row-2 fusion-flex-container nonhundred-percent-fullwidth non-hundred-percent-height-scrolling" style="--awb-border-radius-top-left:0px;--awb-border-radius-top-right:0px;--awb-border-radius-bottom-right:0px;--awb-border-radius-bottom-left:0px;--awb-flex-wrap:wrap;" ><div class="fusion-builder-row fusion-row fusion-flex-align-items-flex-start fusion-flex-content-wrap" style="max-width:1248px;margin-left: calc(-4% / 2 );margin-right: calc(-4% / 2 );"><div class="fusion-layout-column fusion_builder_column fusion-builder-column-1 fusion_builder_column_1_1 1_1 fusion-flex-column" style="--awb-bg-size:cover;--awb-width-large:100%;--awb-margin-top-large:0px;--awb-spacing-right-large:1.92%;--awb-margin-bottom-large:20px;--awb-spacing-left-large:1.92%;--awb-width-medium:100%;--awb-order-medium:0;--awb-spacing-right-medium:1.92%;--awb-spacing-left-medium:1.92%;--awb-width-small:100%;--awb-order-small:0;--awb-spacing-right-small:1.92%;--awb-spacing-left-small:1.92%;"><div class="fusion-column-wrapper fusion-column-has-shadow fusion-flex-justify-content-flex-start fusion-content-layout-column"><div class="awb-gallery-wrapper awb-gallery-wrapper-1 button-span-no"><div style="margin:-5px;--awb-bordersize:0px;" class="fusion-gallery fusion-gallery-container fusion-grid-3 fusion-columns-total-6 fusion-gallery-layout-grid fusion-gallery-1"><div style="padding:5px;" class="fusion-grid-column fusion-gallery-column fusion-gallery-column-3 hover-type-none"><div class="fusion-gallery-image"><a href="https://veronamarathonexplore.it/wp-content/uploads/2020/03/DSC_8291.jpg" rel="noreferrer" data-rel="iLightbox[gallery_image_1]" class="fusion-lightbox" target="_self"><img decoding="async" src="https://veronamarathonexplore.it/wp-content/uploads/2020/03/DSC_8291.jpg" width="1917" height="1280" alt="" title="DSC_8291" aria-label="DSC_8291" class="img-responsive wp-image-533" srcset="https://veronamarathonexplore.it/wp-content/uploads/2020/03/DSC_8291-200x134.jpg 200w, https://veronamarathonexplore.it/wp-content/uploads/2020/03/DSC_8291.jpg 1917w" sizes="(min-width: 2200px) 100vw, (min-width: 784px) 397px, (min-width: 712px) 595px, (min-width: 640px) 712px, " /></a></div></div><div style="padding:5px;" class="fusion-grid-column fusion-gallery-column fusion-gallery-column-3 hover-type-none"><div class="fusion-gallery-image"><a href="https://veronamarathonexplore.it/wp-content/uploads/2020/03/DSC_9237.jpg" rel="noreferrer" data-rel="iLightbox[gallery_image_1]" class="fusion-lightbox" target="_self"><img decoding="async" src="https://veronamarathonexplore.it/wp-content/uploads/2020/03/DSC_9237.jpg" width="1917" height="1280" alt="" title="DSC_9237" aria-label="DSC_9237" class="img-responsive wp-image-794" srcset="https://veronamarathonexplore.it/wp-content/uploads/2020/03/DSC_9237-200x134.jpg 200w, https://veronamarathonexplore.it/wp-content/uploads/2020/03/DSC_9237.jpg 1917w" sizes="(min-width: 2200px) 100vw, (min-width: 784px) 397px, (min-width: 712px) 595px, (min-width: 640px) 712px, " /></a></div></div><div style="padding:5px;" class="fusion-grid-column fusion-gallery-column fusion-gallery-column-3 hover-type-none"><div class="fusion-gallery-image"><a href="https://veronamarathonexplore.it/wp-content/uploads/2021/01/Montagna-Grande-gibele-view-1410784.jpg" rel="noreferrer" data-rel="iLightbox[gallery_image_1]" class="fusion-lightbox" target="_self"><img decoding="async" src="https://veronamarathonexplore.it/wp-content/uploads/2021/01/Montagna-Grande-gibele-view-1410784.jpg" width="1024" height="576" alt="" title="Montagna Grande gibele view-1410784" aria-label="Montagna Grande gibele view-1410784" class="img-responsive wp-image-2132" srcset="https://veronamarathonexplore.it/wp-content/uploads/2021/01/Montagna-Grande-gibele-view-1410784-200x113.jpg 200w, https://veronamarathonexplore.it/wp-content/uploads/2021/01/Montagna-Grande-gibele-view-1410784.jpg 1024w" sizes="(min-width: 2200px) 100vw, (min-width: 784px) 397px, (min-width: 712px) 595px, (min-width: 640px) 712px, " /></a></div></div><div class="clearfix"></div><div style="padding:5px;" class="fusion-grid-column fusion-gallery-column fusion-gallery-column-3 hover-type-none"><div class="fusion-gallery-image"><a href="https://veronamarathonexplore.it/wp-content/uploads/2020/03/DSC_7237.jpg" rel="noreferrer" data-rel="iLightbox[gallery_image_1]" class="fusion-lightbox" target="_self"><img decoding="async" src="https://veronamarathonexplore.it/wp-content/uploads/2020/03/DSC_7237.jpg" width="1920" height="1190" alt="" title="DSC_7237" aria-label="DSC_7237" class="img-responsive wp-image-658" srcset="https://veronamarathonexplore.it/wp-content/uploads/2020/03/DSC_7237-200x124.jpg 200w, https://veronamarathonexplore.it/wp-content/uploads/2020/03/DSC_7237.jpg 1920w" sizes="(min-width: 2200px) 100vw, (min-width: 784px) 397px, (min-width: 712px) 595px, (min-width: 640px) 712px, " /></a></div></div><div style="padding:5px;" class="fusion-grid-column fusion-gallery-column fusion-gallery-column-3 hover-type-none"><div class="fusion-gallery-image"><a href="https://veronamarathonexplore.it/wp-content/uploads/2020/03/DSC_7210.jpg" rel="noreferrer" data-rel="iLightbox[gallery_image_1]" class="fusion-lightbox" target="_self"><img decoding="async" src="https://veronamarathonexplore.it/wp-content/uploads/2020/03/DSC_7210.jpg" width="1920" height="991" alt="" title="DSC_7210" aria-label="DSC_7210" class="img-responsive wp-image-668" srcset="https://veronamarathonexplore.it/wp-content/uploads/2020/03/DSC_7210-200x103.jpg 200w, https://veronamarathonexplore.it/wp-content/uploads/2020/03/DSC_7210.jpg 1920w" sizes="(min-width: 2200px) 100vw, (min-width: 784px) 397px, (min-width: 712px) 595px, (min-width: 640px) 712px, " /></a></div></div><div style="padding:5px;" class="fusion-grid-column fusion-gallery-column fusion-gallery-column-3 hover-type-none"><div class="fusion-gallery-image"><a href="https://veronamarathonexplore.it/wp-content/uploads/2022/02/IMG-20191213-WA0032.jpg" rel="noreferrer" data-rel="iLightbox[gallery_image_1]" class="fusion-lightbox" target="_self"><img decoding="async" src="https://veronamarathonexplore.it/wp-content/uploads/2022/02/IMG-20191213-WA0032.jpg" width="1080" height="810" alt="" title="IMG-20191213-WA0032" aria-label="IMG-20191213-WA0032" class="img-responsive wp-image-3792" srcset="https://veronamarathonexplore.it/wp-content/uploads/2022/02/IMG-20191213-WA0032-200x150.jpg 200w, https://veronamarathonexplore.it/wp-content/uploads/2022/02/IMG-20191213-WA0032-400x300.jpg 400w, https://veronamarathonexplore.it/wp-content/uploads/2022/02/IMG-20191213-WA0032-600x450.jpg 600w, https://veronamarathonexplore.it/wp-content/uploads/2022/02/IMG-20191213-WA0032-800x600.jpg 800w, https://veronamarathonexplore.it/wp-content/uploads/2022/02/IMG-20191213-WA0032.jpg 1080w" sizes="(min-width: 2200px) 100vw, (min-width: 784px) 397px, (min-width: 712px) 595px, (min-width: 640px) 712px, " /></a></div></div><div class="clearfix"></div></div></div></div></div></div></div></p>
